70794 - 20721. What are the prime factors of l?
3, 16691
Let c(n) = 3*n**2 - 188*n - 4161. What are the prime factors of c(-107)?
2, 7, 3593
Let d(s) = s**3 + 33*s**2 - 59*s - 349. List the prime factors of d(-32).
11, 233
Suppose m + 0*m - 3898 = 0. Let d be m/5 - ((-6)/(-10) - 1). Suppose 0 = 8*j - 2*j - d. List the prime factors of j.
2, 5, 13
Let j(k) = 227*k**2 - 73*k + 332. List the prime factors of j(5).
2, 7, 13, 31
Let j(r) = r**3 - 42*r**2 + 33*r + 789. List the prime factors of j(47).
5, 2677
Suppose -40 = -f + 22. Let w = f + -34. List the prime factors of (w/(-16))/(2/(-32)).
2, 7
List the prime factors of (-184044)/(-13) + 111/(-481).
3, 11, 13
Suppose -4967*u + 4988*u - 492534 = 0. What are the prime factors of u?
2, 3, 1303
Let x = 35 - 31. Let k(c) be the second derivative of c**5/20 + c**4/6 - 5*c**3/6 + 3*c**2/2 + 3*c. List the prime factors of k(x).
79
Let m = -28717 + 41872. What are the prime factors of m?
3, 5, 877
Suppose 2*p - 3*g = -55, -3*p + 0*p - 110 = g. Let f = -24 - p. Let o(v) = 19*v + 9. List the prime factors of o(f).
2, 109
Suppose 10*l = 25*l - 112102 - 35153. What are the prime factors of l?
9817
Let p(b) = -13*b - 252. Let o be p(0). Let a = -112 - o. What are the prime factors of a?
2, 5, 7
Let b(x) = 11*x**2 + 529*x + 41. What are the prime factors of b(19)?
7, 41
Suppose -34*o + 106309 = -104729. What are the prime factors of o?
3, 2069
Let y = -22 - 36. Let g = 58 + y. Suppose 46*d - 51*d + 705 = g. List the prime factors of d.
3, 47
Let p(x) = 2*x**3 + 5*x**2 - 17*x - 9. Let l be p(8). Let j = -455 + l. What are the prime factors of j?
2, 3, 31
Let v be (-5)/(10/1146)*-1. Suppose -3*f - d + 421 = 0, 0*f = -4*f + d + v. List the prime factors of f.
2, 71
Let j be ((-805)/10 - -2) + 3/(-6). Let k be 6/((-12)/(-4)) - j. What are the prime factors of (-208)/(-5) + -5 + k/15?
2, 3, 7
Let u(h) = 41*h**3 + 42*h**2 - 53*h - 5. List the prime factors of u(8).
23251
Let o(p) = p**3 - 26*p**2 - 97. List the prime factors of o(31).
2, 11, 107
What are the prime factors of -3*3/(-6) + -1 + (-270412)/(-8)?
2, 16901
Let q(y) = 504*y**2 + 4876*y - 15. List the prime factors of q(-17).
131, 479
Suppose 28*v = 24*v + 52. Suppose d + 830 = -8*l + v*l, -5*l = -3*d - 830. List the prime factors of l.
2, 83
Let m = 81 + -77. Suppose 20 = -m*p + 68. Suppose 0*a = p*a - 216. List the prime factors of a.
2, 3
Let g = -12459 - -8859. Let b be ((-2)/(-6))/((-30)/g). Suppose 0 = s - 181 - b. What are the prime factors of s?
13, 17
Suppose 6*v - 144 = -48. Let q = 20 - v. What are the prime factors of (0 + 1)*-345*q/(-6)?
2, 5, 23
Suppose 20*a - 49843 = -25450 + 60987. What are the prime factors of a?
3, 1423
List the prime factors of 43781 - -2*3/(60/(-110)).
2, 3, 5, 1459
Let c(o) = 7*o + 15. Let j be c(-3). List the prime factors of 66/27*-3*j.
2, 11
Suppose 3*g = 2*f + 1119, 5*g + 4*f - 1239 = 604. Suppose -4*a = g + 133. List the prime factors of a/(-4*2/4).
3, 7
Suppose -4*l + 10 = -2*z + 8, 0 = 4*l + 5*z + 33. List the prime factors of l/6*0 + 487.
487
Let n(k) = 841*k**2 + k**3 + k - 842*k**2 - 2*k + 108. List the prime factors of n(0).
2, 3
Let v be 12/48 - 1662/(-8). Let q = -58 + v. Suppose 0*r = -2*r - a + q, -4*a = -3*r + 247. What are the prime factors of r?
7, 11
Suppose 2*j = l + 9, 1 = -l - 2. Suppose -11*a + 12*a - k - 1217 = 0, -3*k + 3663 = j*a. What are the prime factors of a?
23, 53
Suppose -2*l - 2*j + 2289 = -603, 28 = -4*j. What are the prime factors of l?
1453
Let j = -95 - -97. Suppose j*a + 5 = i, 0*i = i + a - 5. Suppose -i*b = -8*b + 99. List the prime factors of b.
3, 11
Let j be 8/(-48) - 671/6. Let z be 3 - (5 - 1) - j. Let s = 41 + z. What are the prime factors of s?
2, 19
Let p be (-15)/(((-21)/(-2))/(-7)). List the prime factors of 853 - p - 4 - (6 - 1).
2, 3, 139
Suppose -6*f - 148 = 176. List the prime factors of 9/(f/(-4)) + 21771/27.
3, 269
Let z(t) = 25*t**2 - 8*t + 9. Let k be z(3). What are the prime factors of 13720/k*(0 + 3)?
2, 7
Let b = -10801 + 46739. What are the prime factors of b?
2, 7, 17, 151
Let p(y) = 52*y**3 - y**2 - 2*y + 1. Let s be p(1). List the prime factors of (4/10)/(s/50750).
2, 7, 29
Let x(y) = 6*y**3 + 3*y**2 + 4*y - 1. Let r be x(3). Let c be 16/12 + 40/15. Suppose -h = c*m - r, -3*h + h - 5*m = -394. What are the prime factors of h?
2, 3
Let v(c) = c**3 + 55*c**2 - 85*c - 1197. What are the prime factors of v(-43)?
2, 12323
Let u(f) = 92*f**2 + 9*f + 26. Let k(a) = -185*a**2 - 17*a - 50. Let t(v) = -3*k(v) - 5*u(v). What are the prime factors of t(-3)?
857
Suppose h + 4 = -d + 5*h, 4*h - 20 = -3*d. Suppose -5*u = -3*f + 3, 4*f + 19 = d*u - 5*u. List the prime factors of 25/u*(2 - 14).
2, 5
Suppose i - 19 - 4631 = 3*k, -5*i - 2*k = -23284. List the prime factors of i.
2, 3, 97
Let g be (-884)/(-6) + 8 + (-1)/3. Let o = g - 144. What are the prime factors of o?
11
Suppose 940*p - 938*p = 878. List the prime factors of p.
439
Suppose 3*v - 21285 - 4266 = -5*u, -2*u = -3*v - 10212. What are the prime factors of u?
3, 13, 131
Suppose 0 = -226*o + 171*o + 412005. List the prime factors of o.
3, 11, 227
List the prime factors of ((-300)/360 - (-46738)/(-24))/((-5)/20).
7793
Let y(m) = 2*m**2 - 9*m + 8. Let n = -47 + 52. Let o be y(n). Let c = 26 - o. What are the prime factors of c?
13
Let a be (0 + -1 + (-6)/6)/(-1). Let u be (2/3)/((-2)/(-9)). Suppose u*l - 5*z = 311, l - 2*z - 113 = a*z. What are the prime factors of l?
97
Let w(y) = 212*y - 128. Let v = 196 + -192. List the prime factors of w(v).
2, 3, 5
Let f be (-6)/10 + -283*3/(-15). Let l = -40 + f. List the prime factors of 4/l + (-4)/(-32)*366.
2, 23
Suppose -20 = 8*l - 44. Suppose -5*c + t + 965 = 201, -l*c = t - 460. List the prime factors of c.
3, 17
Let o(i) be the first derivative of i**4/4 - 7*i**3/3 - i**2/2 - 2*i - 7. Let n be o(8). Suppose 7*g = 8*g - n. List the prime factors of g.
2, 3
Suppose -3*o + 2*k = -21 - 4, 0 = -3*o + 3*k + 30. Suppose 4*a = -2*i + 1822, -o*i - 665 = -3*a + 708. What are the prime factors of a?
2, 3, 19
Let s = 46187 - 22693. List the prime factors of s.
2, 17, 691
Let g = 525 + -534. What are the prime factors of ((-629)/(-51))/((-1)/g)?
3, 37
What are the prime factors of (-58)/203 + (32609/(-3))/((-14)/18)?
5, 13, 43
Let b(y) = y**2 + 11*y + 21. Let p be b(-10). Suppose 0 = 16*m - p*m - 150. Suppose -3*g + 246 = m. List the prime factors of g.
2, 3
Let a(o) = 1231*o**2 - 4*o + 1. Let w(f) = 821*f**2 - 3*f + 1. Let d(k) = 5*a(k) - 7*w(k). What are the prime factors of d(1)?
11, 37
Let g(z) = -5313*z - 334. List the prime factors of g(-5).
17, 1543
Suppose 5*n - 5*f = 0, 2*f + 0*f + 2 = 3*n. Suppose -2*s + 0*s = -4*v + 110, -4*s = -n*v + 46. What are the prime factors of v?
29
Suppose 3*b - 4*b = 2*b. Suppose -5*a + 3*f + 15 = f, f = b. Suppose a*h - 3 = -5*m + 148, 68 = 2*m + 5*h. What are the prime factors of m?
29
Suppose -2*t + 4 = 4*x, 0*x - 3*x + t = -8. Suppose -2*k + 13 = z, 0 = -4*k + x*z - 1 + 7. What are the prime factors of (k - 48/9)*-18?
2, 3
Suppose 0 = 2*w - 2*g - 2*g - 32, 2*w - 11 = -3*g. Suppose -3*d + o = -o - w, -2 = -2*o. List the prime factors of d.
2
Suppose 0 = 3*a - 3*v + 18, 0 = -0*a - 5*a - 3*v - 6. Let p be 0*(a/6 - -1). Suppose p = -5*u - 0*l + 3*l + 781, l = -u + 161. List the prime factors of u.
2, 79
Suppose j + 600 = 5*j. List the prime factors of 0/1 + (j - -10).
2, 5
Let a = 299 + -304. Let m(k) = -2*k**3 - 8*k**2 - k - 11. Let h(w) = -2*w**3 - 9*w**2 - 2*w - 10. Let q(j) = -4*h(j) + 3*m(j). List the prime factors of q(a).
2
Let u = 26545 - 3517. List the prime factors of u.
2, 3, 19, 101
Suppose o + 5 = 0, n + 2*o + 8 = -0*o. Let f(c) = 0*c**n + 25*c**2 - 11*c**2. List the prime factors of f(-2).
2, 7
Suppose -18*q - 3806 = 2674. Let h = 297 - q. List the prime factors of h.
3, 73
Suppose 0 = 5*x - 22 + 7. Suppose -x*v - 9 = 5*y - 30, -y + 5 = v. Suppose 9*f = y*f + 48. What are the prime factors of f?
2
Suppose 54*q = 43*q + 122287. What are the prime factors of q?
11117
Suppose -26*q + 2 = -76. Suppose k = 7*u - 5*u - 2437, -5*u + 6098 = q*k. List the prime factors of u.
23, 53
Let n(j) = 6*j**2 - 5*j - 3. Let d be 8/(-20)*50/(-5). Let q be n(d). Suppose 2*u - 27 = q. List the prime factors of u.
2, 5
Let j(p) = 106*p**2 + 14*p +